{"id":57,"date":"2013-10-08T13:02:44","date_gmt":"2013-10-08T12:02:44","guid":{"rendered":"http:\/\/clever-solutions.pt\/v4\/?page_id=57"},"modified":"2013-10-08T14:34:01","modified_gmt":"2013-10-08T13:34:01","slug":"clever-sourcing","status":"publish","type":"page","link":"https:\/\/clever-solutions.pt\/v4\/clever-sourcing\/","title":{"rendered":"Clever Sourcing"},"content":{"rendered":"<table>\n<tbody>\n<tr>\n<td valign=\"top\"><a href=\"http:\/\/clever-solutions.pt\/v4\/wp-content\/uploads\/2013\/10\/CO_smal.png\"><img loading=\"lazy\" decoding=\"async\" class=\"alignnone size-full wp-image-83\" alt=\"CO_smal\" src=\"http:\/\/clever-solutions.pt\/v4\/wp-content\/uploads\/2013\/10\/CO_smal.png\" width=\"300\" height=\"250\" \/><\/a><\/td>\n<td><\/td>\n<td valign=\"top\"><strong style=\"color: #f90; font-size: 24px;\">Clever Sourcing: Outsourcing dos Sistemas de Gest\u00e3o<\/strong><\/p>\n<h3>O melhor parceiro pode ser resumido em Clever Sourcing\u00a05r:<\/h3>\n<h4>\u2022 Resultados \u2022 Reputa\u00e7\u00e3o \u2022 Rela\u00e7\u00e3o \u2022 Regula\u00e7\u00e3o \u2022 Renova\u00e7\u00e3o<\/h4>\n<p>&nbsp;<\/p>\n<p>Melhorar a qualidade, aumentar a capacidade global e reduzir os custos atrav\u00e9s do outsourcing do Sistema de Gest\u00e3o.<\/p>\n<p>As empresas est\u00e3o a adoptar rapidamente servi\u00e7os de outsourcing para os Sistemas de Gest\u00e3o como uma solu\u00e7\u00e3o vi\u00e1vel para reduzir os custos operacionais, manter o enfoque nas compet\u00eancias essenciais da organiza\u00e7\u00e3o, e passar de um modelo de custos fixos para um modelo de custos vari\u00e1veis. S\u00f3 muito recentemente \u00e9 que as empresas t\u00eam sido capazes de tirar o m\u00e1ximo proveito dos mercados de trabalho no exterior para obter redu\u00e7\u00f5es de custos elevadas &#8211; em alguns casos at\u00e9 60%.<\/p>\n<p>A Clever Solutions oferece servi\u00e7os de elevada qualidade em outsourcing para fun\u00e7\u00f5es dos Sistemas de Gest\u00e3o. As \u00e1reas comuns dentro de uma empresa que s\u00e3o adequados para outsourcing incluem:<\/p>\n<p>\u2022 Gest\u00e3o das opera\u00e7\u00f5es de neg\u00f3cios, incluindo Sistemas da\u00a0Qualidade, Ambiente, Seguran\u00e7a e Sa\u00fade;<\/p>\n<p>\u2022 Auditorias Internas<\/p>\n<p>\u2022 Gest\u00e3o das cadeias de aprovisionamento<\/p>\n<p>\u2022 Auditorias a fornecedores<\/p>\n<p>\u2022 Servi\u00e7os de Forma\u00e7\u00e3o e Gest\u00e3o da Forma\u00e7\u00e3o<\/p>\n<p>A Clever Solutions poder\u00e1 gerir estas fun\u00e7\u00f5es individualmente ou como parte integrada com os recursos da sua organiza\u00e7\u00e3o.<\/p>\n<h3>Clever Sourcing faz todo o sentido<\/h3>\n<p>Quem melhor do que uma equipa dedicada e independente de especialistas altamente qualificados para garantir que as metas s\u00e3o alcan\u00e7adas? Especialmente no momento em que a qualidade \u00e9 t\u00e3o fundamental para o cliente e factor cr\u00edtico de sucesso. \u00c9 moroso e dispendioso tentar desenvolver todas as capacidades que necessita nestas \u00e1reas e lidar com uma constante renova\u00e7\u00e3o dos recursos humanos &#8211; as pessoas mudam atrav\u00e9s das suas carreiras profissionais. Clever Sourcing oferece consist\u00eancia, experi\u00eancia, objectividade sem complica\u00e7\u00f5es.<\/p>\n<p>Numa parte integrante do neg\u00f3cio, como os Sistemas de Gest\u00e3o, faz sentido ter um parceiro comprometido, competente e isento. Uma abordagem transaccional, os pacotes de servi\u00e7os n\u00e3o atingem o potencial pleno do outsourcing. Al\u00e9m disso, t\u00e3o importante quanto os Sistemas de Gest\u00e3o s\u00e3o para o seu neg\u00f3cio, os pacotes de servi\u00e7os servem, mas n\u00e3o definem o seu plano estrat\u00e9gico. \u00c9 da responsabilidade do cliente determinar como integrar Clever Sourcing no plano a longo prazo.<\/p>\n<p>O termo outsourcing para a maioria das pessoas significa contratar pessoas noutros pa\u00edses, mas na realidade 70% das contrata\u00e7\u00f5es s\u00e3o internas.<\/p>\n<p>Sistemas de Gest\u00e3o Outsourcing, \u00e9 um novo conceito, sendo at\u00e9 ao momento uma decis\u00e3o t\u00e1ctica com os fornecedores com enfoque em algumas \u00e1reas lucrativas como o desenvolvimento de fornecedores, auditorias internas e eventos de melhoria. Isto liberta o cliente para a gest\u00e3o de recursos ou para sub-optimizar a sua qualidade de outsourcing.<\/p>\n<p>&nbsp;<\/p>\n<h3>Porqu\u00ea Clever Sourcing?<\/h3>\n<p>\u2022 Redu\u00e7\u00e3o de custos operacionais<\/p>\n<p>\u2022 Concentrar recursos e energias em processos essenciais<\/p>\n<p>\u2022 Experi\u00eancia de alto n\u00edvel<\/p>\n<p>\u2022 Objectividade<\/p>\n<p>\u2022 Aten\u00e7\u00e3o da Administra\u00e7\u00e3o<\/p>\n<p>\u2022 Melhor aceita\u00e7\u00e3o pelos Colaboradores<\/p>\n<p>\u2022 Gest\u00e3o do risco<\/p>\n<p>\u2022 Menos conflitos<\/p>\n<p>&nbsp;<\/p>\n<h3>O que pode ser inclu\u00eddo em Clever Sourcing?<\/h3>\n<p>\u2022 Gest\u00e3o da Qualidade<\/p>\n<p>\u2022 Gest\u00e3o Ambiental<\/p>\n<p>\u2022 Seguran\u00e7a<\/p>\n<p>\u2022 Higiene<\/p>\n<p>\u2022 Certifica\u00e7\u00e3o<\/p>\n<p>\u2022 Manuten\u00e7\u00e3o da certifica\u00e7\u00e3o<\/p>\n<p>\u2022 Esfor\u00e7os de melhoria<\/p>\n<p>\u2022 Desenvolvimento de fornecedores<\/p>\n<p>\u2022 Forma\u00e7\u00e3o<\/p>\n<p>\u2022 Gest\u00e3o do relacionamento com o cliente<\/p>\n<p>\u2022 Implanta\u00e7\u00e3o da cultura de qualidade<\/p>\n<p>\u2022 Gest\u00e3o do conhecimento<\/p>\n<p>\u2022 Gest\u00e3o documental<\/p>\n<p>\u2022 Excel\u00eancia operacional<\/p>\n<p>\u2022 Apoio ao lan\u00e7amento de novos produtos<\/td>\n<\/tr>\n<\/tbody>\n<\/table>\n","protected":false},"excerpt":{"rendered":"<p>Clever Sourcing: Outsourcing dos Sistemas de Gest\u00e3o O melhor parceiro pode ser resumido em Clever Sourcing\u00a05r: \u2022 Resultados \u2022 Reputa\u00e7\u00e3o \u2022 Rela\u00e7\u00e3o \u2022 Regula\u00e7\u00e3o \u2022 Renova\u00e7\u00e3o &nbsp; Melhorar a qualidade, aumentar a capacidade global e reduzir os custos atrav\u00e9s do outsourcing do Sistema de Gest\u00e3o. As empresas est\u00e3o a adoptar rapidamente servi\u00e7os de outsourcing para [&hellip;]<\/p>\n","protected":false},"author":1,"featured_media":83,"parent":0,"menu_order":0,"comment_status":"open","ping_status":"open","template":"","meta":{"footnotes":""},"class_list":["post-57","page","type-page","status-publish","has-post-thumbnail","czr-hentry"],"_links":{"self":[{"href":"https:\/\/clever-solutions.pt\/v4\/wp-json\/wp\/v2\/pages\/57","targetHints":{"allow":["GET"]}}],"collection":[{"href":"https:\/\/clever-solutions.pt\/v4\/wp-json\/wp\/v2\/pages"}],"about":[{"href":"https:\/\/clever-solutions.pt\/v4\/wp-json\/wp\/v2\/types\/page"}],"author":[{"embeddable":true,"href":"https:\/\/clever-solutions.pt\/v4\/wp-json\/wp\/v2\/users\/1"}],"replies":[{"embeddable":true,"href":"https:\/\/clever-solutions.pt\/v4\/wp-json\/wp\/v2\/comments?post=57"}],"version-history":[{"count":4,"href":"https:\/\/clever-solutions.pt\/v4\/wp-json\/wp\/v2\/pages\/57\/revisions"}],"predecessor-version":[{"id":93,"href":"https:\/\/clever-solutions.pt\/v4\/wp-json\/wp\/v2\/pages\/57\/revisions\/93"}],"wp:featuredmedia":[{"embeddable":true,"href":"https:\/\/clever-solutions.pt\/v4\/wp-json\/wp\/v2\/media\/83"}],"wp:attachment":[{"href":"https:\/\/clever-solutions.pt\/v4\/wp-json\/wp\/v2\/media?parent=57"}],"curies":[{"name":"wp","href":"https:\/\/api.w.org\/{rel}","templated":true}]}}